 is the remainder when z is divided by 21?
10
Suppose 2*o - 9*o + 120648 = 17*o. What is the remainder when o is divided by 10?
7
Suppose -28*a - 60 = -31*a. Let l be (-124)/10 + 2/5. Let b(c) = -c. What is the remainder when a is divided by b(l)?
8
Let r(g) = -g + 16. Let p be r(12). Suppose 3*j + 11 = -4*x + 54, 0 = 2*j + p*x - 26. Let n(w) = -3*w + 22. Calculate the remainder when j is divided by n(5).
3
Let d = 91 - -5. Calculate the remainder when d is divided by 9.
6
Let r = 1230 + -1118. Let f(h) = h**3 + 6*h**2 + 3*h. Let w be f(-5). What is the remainder when r is divided by ((-285)/w)/(2/(-4))?
55
Suppose 0 = 3*w + 13 - 148. What is the remainder when -4 + (-4)/((-80)/3615) + 4/16 is divided by w?
42
Let s be (0 - 1)/(2 + 22/(-10)). Suppose -4*o = -s*o + 23. What is the remainder when 249 is divided by o?
19
Let y(o) be the second derivative of -3*o**3 + 70*o**2 + 4*o + 23. What is the remainder when y(-3) is divided by 15?
14
Let n be ((-35)/20)/(7/(-84)). Suppose 65*q = -n*q + 1032. Let f = -66 - -113. What is the remainder when f is divided by q?
11
Let r = -496 - -503. Let c(t) = t**2 + 2*t - 44. Calculate the remainder when 69 is divided by c(r).
12
Let n(j) = 2*j**3 - 3*j**2 - 3*j + 9. Let q be n(3). Suppose -1424 = -43*s + q*s. What is the remainder when s is divided by 30?
29
Suppose -4*o - 5*t + 2515 = 0, -o + 5*t + 3200 = 4*o. Suppose -x + o + 83 = 4*r, -188 = -r + 4*x. Calculate the remainder when r is divided by 37.
32
Suppose 0 = 39*w - 1673 - 1759. What is the remainder when 355 is divided by w?
3
Let d = 491 - 476. Let q(a) = 2*a**2 - 34*a + 189. What is the remainder when q(d) is divided by 10?
9
Calculate the remainder when 1072 is divided by (-536)/(-10) - 14/(-4)*(-8)/(-70).
46
Suppose 15*k = 1173 + 2157. Suppose 5*d = 3*z - 695, 3*d + 3*z + 607 - 190 = 0. Let o = d + k. What is the remainder when o is divided by 21?
20
Let r = -25851 - -25863. Calculate the remainder when 80 is divided by r.
8
Let o(a) = -22*a**2 + 195*a - 7. What is the remainder when 1736 is divided by o(8)?
141
Suppose 56*z + 136*z - 9408 = 0. Suppose 5*r = -c + 183, -c - 129 = -4*r + 4*c. What is the remainder when z is divided by r?
13
Suppose 3*c = -126 + 126, -k - 7*c + 43 = 0. What is the remainder when 8169 is divided by k?
42
Let p(v) = 16*v**3 - 4*v**2 - 3*v + 2. Suppose 0 = -34*c + 13*c + 42. Calculate the remainder when p(c) is divided by 28.
24
Suppose 0 = -3*y + 2*x - 6, 4*y - 4*x + 4 = -8. Suppose y = 7*g - 24 + 192. Let s = g - -27. What is the remainder when 9 is divided by s?
0
Let a be (-1)/(-3 + (-16)/(-6)). Suppose -2*b = -p + 5, -77 = 2*p - 7*p - a*b. Let s = -1229 + 1292. What is the remainder when s is divided by p?
11
Let i = 492 - 469. Suppose 0*q - 2*q = 16. Let t = 1 - q. Calculate the remainder when i is divided by t.
5
Suppose -956*o - 30 = -2*k - 958*o, -k + 3*o = -19. Calculate the remainder when k is divided by 7.
2
Let w(r) = -r**3 + 4*r**2 + 19*r + 319. Calculate the remainder when w(0) is divided by 69.
43
Suppose 0 = -3*s + 6*s - 24. Suppose s*t = 7*t + 84. Let v = t - 79. Calculate the remainder when 23 is divided by v.
3
Suppose 0 = 55*d - 57*d + 2, 2*d + 691 = g. Calculate the remainder when g is divided by 346.
1
Let x = -78 + 78. Suppose x = -138*y + 142*y - 164. What is the remainder when 113 is divided by y?
31
Let i = 46 - 16. What is the remainder when -176*(-20 + 234/12) is divided by i?
28
Calculate the remainder when 181 is divided by 12628/196 - 2*(-9)/(-42).
53
Let i = -130 - -136. Suppose 0 = -v - i*v + 98. Let c(n) = 36*n**2. Calculate the remainder when c(-1) is divided by v.
8
Let j = 29227 + -24109. What is the remainder when j is divided by 256?
254
Suppose 10*b - 11*b - 2*u - 4 = 0, 5*u = -4*b - 1. Let o(s) = 2*s - 8. Calculate the remainder when b is divided by o(5).
0
Let x(m) = 2*m**3 + 16*m**2 + 4*m + 40. What is the remainder when 40 - (-1 - (-2)/1) is divided by x(-8)?
7
Suppose 10*n = 11 + 9. Let m(s) = 2*s**3 - 3*s**2 + 5*s - 2. What is the remainder when 117 is divided by m(n)?
9
Let q = -2089 + 2201. Calculate the remainder when 240 is divided by q.
16
Suppose 0 = -6*f + 2*f, 3*f = 3*o - 183. Let h(y) = -16*y + 13. Calculate the remainder when h(-10) is divided by o.
51
Let v(o) = 11*o + 13. Let y be v(4). Let p = 60 - y. Calculate the remainder when 76 is divided by (-14)/(p/(-6)*4).
6
Suppose -5*y - 41 + 819 = -3*w, 0 = -4*y + 3*w + 620. Calculate the remainder when y is divided by 41 - (-2 + 1 + 2).
38
Suppose -3 = -4*x + x. Calculate the remainder when (26/6)/((4/60)/x) is divided by 11.
10
Suppose 2*m - 4*b = 324, m - 3*m - 5*b + 279 = 0. Suppose -5*g = -25, 0*p = 4*p + 4*g - m. Suppose -4*q = -8 - 28. What is the remainder when p is divided by q?
6
Let n(a) = -a**2 + 10*a + 3. Let y be n(9). Suppose y = h - 12. Calculate the remainder when h is divided by (-54)/(-4) + (-2)/4.
11
Let i(h) = 65*h**2 + 2*h. Let t be i(1). Suppose -m + j + 3 = 0, -t = -4*j - 59. What is the remainder when 53 is divided by m?
3
Suppose 3*q - 1027 + 994 = 0. Let h(o) = -o**2 + 6*o - 6. What is the remainder when q is divided by h(4)?
1
Suppose 5*y = -4*q + 153, 4*y - 5*q = 99 + 48. Suppose 303*u = -539*u + 14314. What is the remainder when y is divided by u?
16
Let f be 102/(-85) - (-434)/(-5). What is the remainder when 251 is divided by (3 - f/(-24))/((-1)/42)?
27
Let v = 6518 - 6077. Calculate the remainder when v is divided by 34.
33
Let r = -199 - -229. Suppose -3*l = -4*d - 47, r = 2*l + 3*d - 5*d. Let m = 68 - 33. Calculate the remainder when m is divided by l.
9
Let q be -1*((-2)/(-7) + 5358/(-133)). Let p = -72 + 122. Calculate the remainder when (-37260)/(-189) - (q/(-14) - -3) is divided by p.
47
Suppose -2*v = -18*j + 1372, -189 = -29*j + 27*j - 5*v. Calculate the remainder when 3539 is divided by j.
74
Suppose -5*c - 3 = n - 0*c, -4*n = c + 69. Let l = n - -30. Calculate the remainder when (-20)/(-15) + (402/9 - 3) is divided by l.
7
Suppose -5*l + 1750 = 2*p + 327, -4*p + 281 = l. Calculate the remainder when l is divided by 56.
5
Let n(k) = -k**2 - 43*k - 87. Let j be n(-36). Let g = -125 + j. What is the remainder when 158 is divided by g?
38
Let r(f) = -f**3 - 66*f**2 + 199*f + 145. Calculate the remainder when r(-69) is divided by 171.
13
Let b(w) = -27*w**3 + w**2 - 2*w - 2. Let t be b(-1). Suppose -t = 3*n - 5*n. Suppose 0 = -n*d + 7*d + 1239. What is the remainder when d is divided by 60?
57
What is the remainder when 131 is divided by 2/((-2)/(-25)) - (2074 - 2064)?
11
What is the remainder when 774*(-4)/(-8) + 1 is divided by (-15)/20 + (-504)/(-32)?
13
Suppose -4*h - 4*h = -5*h. Suppose i - v = 285, -3*i + h*i - 3*v = -849. Calculate the remainder when i is divided by 26.
24
Suppose 13*z = 10*z + 129. Let h be 2/((-18)/z) - (-6)/(-27). What is the remainder when 2*((-1032)/(-30) + 2/h) is divided by 14?
12
Suppose 5*u + 4*x - 10 = 0, -2*u + 6*u = -4*x + 4. Suppose 16 = -4*p, 4*o + 11*p - 72 = u*p. Calculate the remainder when 413 is divided by o.
22
Let b be -1*52/(-1 + -3). Suppose 0 = -5*w + 26 - 1. Calculate the remainder when w is divided by 1/(-4) - b/(-4).
2
Suppose -97*p = -82*p - 302 - 1948. Calculate the remainder when 298 is divided by p.
148
Suppose -6 = -4*g + 6*g. Suppose 72*v = -30*v - 121*v + 55750. What is the remainder when v is divided by 1*(g - -4) + 11?
10
Let n = 13598 - 12522. What is the remainder when n is divided by 175?
26
Suppose 0 = -32*c + 4658 - 914. Calculate the remainder when 449 is divided by c.
98
Suppose 3*q = 5*q - 5*s + 608, 3*s - 1482 = 5*q. Let m = 381 + q. Calculate the remainder when m is divided by 10.
7
Let t be (-36)/(-12) + -2 - (-6)/2. Suppose 8*f = 13*f - t*w - 322, 5*w = 3*f - 188. What is the remainder when f is divided by 15?
6
Let w(y) = -1752*y**3 + 7*y**2 - 91*y - 98. What is the remainder when w(-1) is divided by 7?
2
Let o(b) = b**3 - b + 266. Let t be o(0). Let u = 325 - t. Calculate the remainder when 173 is divided by u.
55
Let b(p) = 472*p - 2758. Calculate the remainder when b(6) is divided by 34.
6
Let j(d) = -2*d + 18. Let x be j(7). Suppose 0 = x*h - 40 - 200. Suppose 316 = -56*v + h*v. What is the remainder when v is divided by 41?
38
Let f(r) = r**2 - 8*r - 116. Calculate the remainder when f(24) is div